emainder when k is divided by m(2).
6
Calculate the remainder when 3/6*19*(13 + -7) is divided by 16.
9
Let p(n) be the first derivative of -n**2/2 - 3*n + 1. What is the remainder when p(-10) is divided by 3?
1
Suppose -1 - 21 = -2*o + 4*l, 5*l - 31 = -4*o. What is the remainder when (125/20)/(2/8) is divided by o?
7
Suppose -4*s - s = 0. Suppose s = 2*t - t - 26. Suppose 4*a = 6*a - t. Calculate the remainder when a is divided by 7.
6
Let g = -3 - 24. Let i(r) = -12*r. Calculate the remainder when i(-1) is divided by 8/(-36) - 195/g.
5
Let z(b) = -b**3 + 2*b**2 - 4*b + 1. Let n be z(4). Let m = -8 - n. Suppose -5*j = -l - m, 2*l + 15 = j - 0. Calculate the remainder when 27 is divided by j.
6
Suppose 0 = 2*a + 19 - 257. Calculate the remainder when a is divided by 24.
23
Suppose 0 = -2*j - a - 2*a + 70, 0 = -4*j - a + 130. Let b(h) = -5*h - 1. Let y be b(-1). Suppose -j - 4 = -y*i. What is the remainder when 25 is divided by i?
7
Let a(x) = 24*x - 28. What is the remainder when a(5) is divided by 19?
16
Suppose 3*q - 265 = -2*q. Calculate the remainder when q is divided by 14.
11
Let p be (4 - 3)/(-1 - -2). Suppose 0 = i - 6 + p, 5*c + 3*i = 40. Suppose 0 = c*l - 131 + 21. What is the remainder when l is divided by 8?
6
Suppose 12 + 0 = g - 2*r, 28 = 4*g + 2*r. Calculate the remainder when 14 is divided by g.
6
Let f = -5 - -19. Suppose -2*l + 6*l - 32 = 0. What is the remainder when f is divided by l?
6
Let d(m) = 3*m**2 + 2*m. Calculate the remainder when d(-4) is divided by 11.
7
Suppose -4*v + 16 = -h, 0 = -h - 4*h + v - 23. Let m be 12/16 - 1/h. What is the remainder when 8 is divided by (1/1)/(m/3)?
2
Let o be -1 + 2 - (-1 - -6). Let f = o + 20. Let x(u) = -2*u**3 + u**2 - u + 6. What is the remainder when f is divided by x(0)?
4
Let v = 69 - -45. Calculate the remainder when v is divided by 31.
21
Let m(a) = 3*a - 6. Let b be m(6). Let l be 3/b + (-38)/(-8). What is the remainder when l/(-5)*-23*1 is divided by 8?
7
Let i(o) = o**2 - 8*o + 6. Let t be i(6). Let b(y) = -y**3 - 5*y**2 + 3*y - 7. Calculate the remainder when 20 is divided by b(t).
9
Suppose 315 = -4*r + 7*r. Calculate the remainder when r is divided by 27.
24
Let m(s) = s + 10. What is the remainder when m(0) is divided by 3/9 + 17/3?
4
Calculate the remainder when 78 is divided by (17 - 3) + -2 - -4.
14
Let s = 59 - 39. What is the remainder when s/(-5) + 2 + 18 is divided by 6?
4
Let k(m) = 27*m**3 - 3 - 3*m**2 + 2 - 2*m + 2*m**2. Let i be k(-1). Let t = -13 - i. Calculate the remainder when 27 is divided by t.
13
Suppose 2*q + 90 = -4*g, -5*q - 165 = -5*g + 120. Let a = 90 + q. What is the remainder when a is divided by 13?
11
Suppose -15*o - 225 = -18*o. Let l = o - 44. What is the remainder when l is divided by 16?
15
Suppose 25 = w - 5*p, 2*p = -2*w + p + 39. Suppose w = -4*x + 72. Let v = -10 + 17. What is the remainder when x is divided by v?
6
Let w be -1 - -2 - (1 - 3). Suppose -w = i - 1. Calculate the remainder when 2 + i + (-6)/(-3) is divided by 1.
0
Suppose 2*f - f = -4. Suppose 0 = -0*z - 4*z + 8. What is the remainder when z is divided by (-2)/4*8/f?
0
Suppose -10 + 4 = -2*c. Suppose 0*r + c*r - 102 = 0. Calculate the remainder when r is divided by 12.
10
Let i(y) = y. Calculate the remainder when 2 is divided by i(1).
0
Suppose -r + 3 = 0, 2 + 41 = 4*z + 5*r. What is the remainder when 48 is divided by z?
6
Let i(g) = 48*g**2 - 2*g + 1. What is the remainder when i(1) is divided by 24?
23
Let o be 2/(-9) - 25/9. Let n(x) = -x + 9. What is the remainder when 2/(-6) - 10/o is divided by n(7)?
1
What is the remainder when 9864/90 + 2*(-2)/(-10) is divided by 16?
14
Suppose 4 = -7*r + 8*r. What is the remainder when 83 is divided by r?
3
Let h(l) = -50*l - 13. Calculate the remainder when h(-2) is divided by 22.
21
Let g be (10*1)/(4/36). Let c = -40 + g. Calculate the remainder when c is divided by 26.
24
Suppose 5*c + 0*c - 315 = 5*u, 0 = 2*c - 3*u - 125. What is the remainder when c is divided by 17?
13
Suppose -z + 159 = -2*q + 828, 5*q + 1347 = -2*z. Calculate the remainder when (z/22)/(1/(-2)) is divided by 21.
19
Let v be (-8)/(5/(10/(-4))). Calculate the remainder when v/24 - (-149)/6 is divided by 9.
7
Suppose q - 2 - 2 = 0. Let a(n) = 2*n + 4. Let h be a(q). Suppose z + z = h. Calculate the remainder when 11 is divided by z.
5
Let o(m) = 4*m**2 + 10*m + 9*m - 20*m - 3 + 4. Calculate the remainder when o(2) is divided by 9.
6
Calculate the remainder when 17 is divided by 6*6/(-16)*-4.
8
Suppose -l = -x - 53, -2*x - 73 - 147 = -4*l. Suppose -48 - l = -5*c. What is the remainder when c is divided by (-1 - 21)*(-3)/6?
10
Let g = 24 + -17. Let a(s) = -s - 4. Let d be a(-6). Suppose -d*x = -6*x + 80. Calculate the remainder when x is divided by g.
6
Let w be (-2)/8 + 34/8. Suppose -2*a + w = -16. Calculate the remainder when 28 is divided by a.
8
Suppose -3*o + 28 = 3*s - 59, 3*o + 5*s = 81. What is the remainder when o is divided by 17?
15
Suppose q = 2*q - 2*j + 13, 2*q - j = -41. Let b = -11 - q. What is the remainder when 34 is divided by b?
10
Let m(u) = -3*u + 35. Suppose 2*p - 5*x = 56, p - 10 = -x + 25. Calculate the remainder when p is divided by m(6).
16
Let n = 6 - -3. Let v(g) = g**3 - 6*g**2 - 3*g - 2. Calculate the remainder when v(7) is divided by n.
8
Suppose -61*r + 138 = -55*r. What is the remainder when 52 is divided by r?
6
Let h = -25 + 3. Let t = 42 + h. Suppose 2*j - 38 = j. Calculate the remainder when j is divided by t.
18
What is the remainder when ((-15)/30)/(2/(-268)) is divided by 35?
32
Let k(u) = 2*u**2 - 9*u - 15. Calculate the remainder when k(9) is divided by 23.
20
Suppose 4*r = -r + 80. Calculate the remainder when r is divided by 6.
4
Let j(h) = -h**3 - 9*h**2 - 11*h - 12. Let d be j(-8). What is the remainder when 25 is divided by d/(-10)*75/(-10)?
7
Suppose -3*y = -9*y + 60. What is the remainder when 19 is divided by y?
9
Suppose 2*a - 3 = 1. Suppose 3*k = -a*k + 70. Calculate the remainder when k is divided by 5.
4
Let m(i) = -6*i + 1. What is the remainder when 1/3 - (-74)/3 is divided by m(-2)?
12
Suppose -30 = -3*o + o. Calculate the remainder when (-2)/5 + (-294)/(-10) is divided by o.
14
Suppose 3 = b - 6. Suppose -b = -4*h + 87. Calculate the remainder when h is divided by 13.
11
Suppose 3*b + b - 148 = 0. Let t(p) = -p**3 - 2*p**2 + 4*p + 3. Calculate the remainder when b is divided by t(-4).
18
Let o(i) = i**2 - 5*i + 5. Suppose -1 = 4*n - 3*n. Let v be 76/16 + n/(-4). Calculate the remainder when 13 is divided by o(v).
3
Suppose 0 = 2*q - 2 - 2. What is the remainder when (9 + -8)/(q/62) is divided by 16?
15
Let s = -14 - -8. Let z(q) = -q - 1. Suppose -x = 2*x - 39. Calculate the remainder when x is divided by z(s).
3
Suppose -c = 4, -8 = 2*v + 2*v + 5*c. Let z(f) = 0*f**3 - 5*f**3 - 2*f**2 - 2*f + 0 - v + 4*f**3. Calculate the remainder when 21 is divided by z(-3).
9
Let v = 74 - 33. What is the remainder when 120 is divided by v?
38
Let b = -8 + 18. What is the remainder when 37 is divided by b?
7
Suppose -5*d - 2*n + 22 = 0, -7*n + 2*n - 3 = -2*d. Let q = 0 + 1. Suppose -q = w - 12. Calculate the remainder when w is divided by d.
3
Let t(x) = x + 1. Let d be t(3). Suppose 3 = -3*b - 3*v, -5*b - 16 = -d*b + 4*v. What is the remainder when 5 is divided by (-1 - b)*6/(-15)?
1
Suppose -g = 5*k - 72, 5*g = -0*k - 2*k + 38. Calculate the remainder when (-3)/(-6) + 106/4 is divided by k.
13
What is the remainder when 3*1*-15*-1 is divided by 24?
21
Let o(d) = -d**3 - 2*d**2 - 2*d. Suppose t + 20 = 2*y, y + t + 3 = 10. Calculate the remainder when y is divided by o(-2).
1
Suppose 0 = 2*u + 4*a + a + 13, a + 1 = -2*u. Suppose 2*d = -2*q - d + 6, -q + 3*d + 3 = 0. Let o = q - u. What is the remainder when 5 is divided by o?
1
Suppose -3*k + 28 - 7 = -3*q, k + 4 = 0. Let o = 24 + q. Let j = 23 - o. Calculate the remainder when j is divided by 6.
4
Let q(b) = b**2 - 17*b - 9. Let t be q(17). Let u = t + 84. Calculate the remainder when u is divided by 13.
10
Let g(c) = -4*c - 9. What is the remainder when 21 is divided by g(-5)?
10
Let o = 97 - 91. Calculate the remainder when 9 is divided by o.
3
Let q be 0 - 1 - -1*1. Suppose q = -0*n - n + 6. Let b(k) = -8*k + 1. Calculate the remainder when b(-2) is div